 q + 3*d + 168, -5*q + 801 = -2*d. What is the hundreds digit of q?
1
Suppose 2*y - 526 - 1190 = 2*i, 3*y - 4*i - 2577 = 0. Suppose 0 = 3*q - 2*h - 2565, -q + y = -0*h - 3*h. What is the tens digit of q?
5
Let d(j) = 9 - 8 - 7 + 6*j - 10. Let x be d(-12). Let s = 151 + x. What is the tens digit of s?
6
Suppose 5*r + 3*b + 0 = 6, -24 = -3*r + 5*b. Suppose 7*a + 1 = 8*a, r*g - 521 = a. What is the units digit of g?
4
Suppose -11*m = -128234 - 219806. What is the units digit of m?
0
Let s be 17 + -14 - -2*2/4. Suppose -h + 54 = s*k, 3 = -k - h + 18. What is the units digit of (k/(-3))/((-5 - -1)/108)?
7
Suppose 3*z - 2793 = -y + 20358, -7731 = -z + 2*y. What is the units digit of z?
9
Let v(d) = -d**3 + 15*d**2 + 13*d + 8. Let l(x) = -x**3 + 2*x**2 - x + 7. Let g be l(0). What is the units digit of v(g)?
1
Let r = -109 + 111. Let x(y) = 16*y**3 + y**2 + y - 2. Let c be x(r). Let a = c - 56. What is the units digit of a?
6
Let j(w) be the third derivative of -w**5/30 - w**4/3 - 2*w**3/3 + 5*w**2. Let p be j(-7). Let n = p - -96. What is the units digit of n?
0
Let w(r) = 6*r**2 + 13*r - 36. Let o be w(14). Suppose 2*d - o = -4*b, -4*d + 0*d - 2*b + 2674 = 0. What is the units digit of d?
1
Suppose -111 = 5*x - 3*k, k = 5*x + 51 + 66. Let q(h) = h**3 + 26*h**2 + 19*h + 66. What is the hundreds digit of q(x)?
7
Suppose -3036 = 14*u - 18*u - 2*l, 1510 = 2*u - 3*l. Suppose -11*w + 13*w = u. What is the units digit of w?
9
Suppose -23*m - 118729 + 115794 = -314792. What is the units digit of m?
9
Let w = 135 + -135. Let h be w/((11 - 10)/(1/2)). Suppose h = -10*y + 14*y - 748. What is the units digit of y?
7
Let j(u) = 3*u**3 - 350*u**2 + 48*u + 513. What is the hundreds digit of j(117)?
8
Suppose -16*x = -5*d - 14*x + 37878, 0 = 3*d - x - 22726. What is the units digit of d?
4
Let w(j) = 8*j - 60. Let v be w(7). Let g(n) = -22*n**3 - 28*n**2 - 11*n - 11. What is the tens digit of g(v)?
9
Let g(w) = -2*w**2 + 15*w - 9. Let m(j) = 2*j**2 - 14*j + 10. Let u(a) = 3*g(a) + 2*m(a). What is the units digit of u(7)?
4
Suppose 4*w + 12 = 4*d, -4*d + 3*w = 8*w - 39. Suppose -12*c = -d*c - 3744. What is the hundreds digit of c?
6
Let z be 707 + 6 - (-4 - 3). Suppose -2*a - m + z = 0, 3*a + 22*m - 23*m - 1080 = 0. What is the tens digit of a?
6
Let v be (128/10)/(2/(4 - -136)). Let t = v - 557. What is the units digit of t?
9
Let w(x) = 3*x**2 - 62*x - 44. Let c be (2 + 1 - -1)*125/20. What is the units digit of w(c)?
1
Suppose -h + 3*h + 8 = 0. Let j(k) = 524*k**2 + 8*k + 10 - 520*k**2 + 2. What is the units digit of j(h)?
4
Let t = -218 - -362. Let u = t + -32. Suppose -9*n = u - 616. What is the units digit of n?
6
Let r be ((84/15)/2 + -2)*29615. What is the tens digit of r/24 - 5/30?
8
Let b be 0/((5 + -2)/3). Suppose b*h = -h + 275. Suppose -5*f = -2*s - 3*s - h, -3*s + 291 = 5*f. What is the units digit of f?
7
Let p(o) = 2*o**2 - o + 1. Let v(n) = -5*n**2 + 9*n - 15. Let f(y) = -2*p(y) - v(y). Let c be f(3). What is the units digit of c/(1 + 273/(-276))?
2
Let k(c) = 7*c**2 + 13*c - 11. Let h(m) = -4*m**2 - 7*m + 6. Let y(g) = -11*h(g) - 6*k(g). Let q be y(-1). What is the units digit of 10 + 6*(q/(-2) - -1)?
7
Let o(l) = 212*l**3 + 14*l**2 + 13*l - 55. What is the units digit of o(5)?
0
Suppose -5*f + 42 - 167 = 0. Let d be 746/12 + 3/(18*-1). Let w = d + f. What is the tens digit of w?
3
Let q = -20 + 44. Suppose -3*h = -0*h + 5*b - q, b + 6 = 3*h. Suppose 0 = h*l - n - 251, 4*l = 2*l - 2*n + 170. What is the tens digit of l?
8
What is the hundreds digit of (-18014 + 0)/(-40 + 39)?
0
Let v(i) be the third derivative of -i**4/3 + 5*i**3/6 + 68*i**2 - 5. Let z be (-1)/(16/14 - 1). What is the tens digit of v(z)?
6
Suppose 5*s - 433 = 14472. What is the hundreds digit of s?
9
Let n = -1213 - -13034. What is the tens digit of n?
2
Suppose 0 = u - 5*f + 14, -3*u - f - f + 43 = 0. Suppose y + 489 + u = 2*r, 4*r - 1000 = -y. What is the units digit of r?
0
Suppose 0 = -0*x + 27*x - 3807. Suppose -s + 2*j + 1096 = x, -5*j = -5*s + 4780. What is the tens digit of s?
5
Let d = 996 + -991. Let f = -7 + 10. Suppose p = f*t + 166, -d*p - 4*t + 910 = t. What is the hundreds digit of p?
1
Let c be -283*(4 + 2)/(-6). Let m = -200 + c. What is the units digit of m?
3
Suppose 0 = w - 3*d - 3047 - 5487, -4*d = -2*w + 17060. What is the units digit of w?
2
Let t be 54/7 - (-9)/(-189)*-6. Suppose z - 1421 = 5*c, 3*z - t*z - c + 7001 = 0. What is the tens digit of z?
0
Let h be 25/((9/(-15))/(-3)). Suppose 5*t = -2*i + 69, -2*i - 2*i + h = -3*t. What is the tens digit of ((-102)/(-4))/(-4*(-3)/i)?
6
Let k = -458 + 468. Let d(s) = 5*s + 96. What is the units digit of d(k)?
6
Let f(n) = 10*n - 79. Let c be f(10). What is the tens digit of 2 - (-2 + 164)/(c/(-98))?
5
Suppose 72297 = 18*d - 34839. What is the hundreds digit of d?
9
Let p(d) = 12 + 36*d - 77*d + 40*d. Let w be p(17). What is the hundreds digit of (-607)/w + 26/(-65)?
1
Let n = 332 - 321. What is the hundreds digit of (0 + (1711 - -2))/(n + -10)?
7
Let l = -445 + 439. What is the hundreds digit of (2/((-4)/(-14)) + l)*863?
8
Let h(b) = 3*b - 6. Let l be h(-6). Let d = 18 - l. What is the units digit of (65/(-15) - -2)/((-1)/d)?
8
Let a(r) = r**2 - 2*r + 22. Suppose 9*d = 15*d + 90. What is the hundreds digit of a(d)?
2
Let s be (-16)/(-40) - 96/15. Let r(b) = -45*b - 110. What is the hundreds digit of r(s)?
1
Suppose 30 = 32*v - 37*v, 4*u - 26232 = 4*v. What is the thousands digit of u?
6
Let n(b) = b**2 - b - 10. Let h be n(-3). Suppose 2*d + a = 428, -4*d + 3*a = h*a - 868. What is the tens digit of d?
1
Suppose 7*x - 85 = 1315. Let q = x + 43. Suppose q = o + 32. What is the units digit of o?
1
Let c be (-3)/(-5)*(9 + 255/(-45)). Suppose 11*i - 1564 = -c. What is the units digit of i?
2
Suppose 0 = -5*i + 309 - 199. What is the tens digit of (11 - 0)*(i - -4)?
8
Suppose 8 = j + 3*k, -2*j - j = -k - 4. Let s be (5/(-10) - (-5)/2) + j. Suppose -s*w - 34 - 6 = -g, -2*w = -6. What is the tens digit of g?
5
Let y(k) = 2*k + 2. Let q be y(9). Let u(s) = -2*s**2 + 48*s - 124. Let o be u(23). What is the tens digit of (o/(-104))/((-19)/q - -1)?
1
Let j be 1 + (97 - 1)/3. Let m = j + -31. Suppose -5*i = 0, -i = m*q + 2*i - 16. What is the units digit of q?
8
Suppose -14*h + 13*h - 2*d = -15221, -5*h + d = -76072. What is the ten thousands digit of h?
1
Suppose 31*y - 21*y = 17*y - 82201. What is the thousands digit of y?
1
Suppose 0 = -c + 5*r - 1314, 0*c - 4*r - 5184 = 4*c. Let n = c - -1854. What is the hundreds digit of n?
5
Let t(l) = 7*l**3 + 4*l**2 - 2*l + 1. What is the hundreds digit of t(5)?
9
Suppose -3*v - 4 = 11, k + 10981 = -5*v. Let s be ((-36)/(-45))/((-1)/(-10)). What is the units digit of (k/42)/(-2) + s/14?
1
Let n(y) = 32*y. Let g be n(11). Suppose 0 = -7*m - 82 - g. Let q = m + 122. What is the units digit of q?
0
Suppose 9*q - 36 = -0*q. Let z be (54/q)/((-105)/700). Let t = -75 - z. What is the units digit of t?
5
Suppose 0 = -36*o + 45*o. Let g(r) = 21*r + 205. What is the tens digit of g(o)?
0
Suppose -3*x + 19 = u, -2*u = 5*x - 4*u - 28. What is the units digit of 1125*(8 + -7)*2/x?
5
Let l = 23808 + -14814. What is the tens digit of l?
9
Let l(i) = -2*i**2 + 305*i + 24. What is the units digit of l(25)?
9
Let l be 9/(-6)*8/6. What is the tens digit of (-20)/(l/(6 + 0))?
6
Let a = 206 + -126. Suppose 5*m - 5*n - 26 = 74, -5*m + n = -a. Suppose -2*h = -8, 2*g + 3*h - m = 31. What is the units digit of g?
7
Suppose 3*f - 6*f - 2*d + 26 = 0, 4*d - 34 = -3*f. Let v(k) = -k**2 + 6*k + 7. Let y be v(f). Suppose -4*t = -219 + y. What is the tens digit of t?
5
Suppose -2*m = -5*r + 33, 5*m = r + 9*m + 11. Suppose 3*l = n - 96, r*l + 297 = 4*n - 122. What is the hundreds digit of n?
1
Suppose 235*l = 242*l + 28. What is the hundreds digit of (l/(-10))/((-9)/157500*-10)?
7
Suppose 6*a - 4*a - 26 = 0. Suppose a*i + 12 = 10*i. What is the tens digit of 372/30*(-70)/i?
1
What is the tens digit of (534139/(-586))/((-3)/162)?
2
Let v = 8397 - 5752. Suppose -475 + 2463 = 3*k - 2*g, v = 4*k + 3*g. What is the hundreds digit of k?
6
Suppose 5*d - 2643 = -0*d + b, 5*b - 1041 = -2*d. Suppose 252 + d = 5*a. What is the units digit of a?
6
Let p(s) = 2*s**3 + 3*s**2 - s - 2. Let z be p(-2). Let u = 18 - 3. What 